{"id":28,"date":"2011-10-21T00:42:28","date_gmt":"2011-10-21T00:42:28","guid":{"rendered":"http:\/\/www.fundacoromoto.org\/?page_id=28"},"modified":"2011-10-21T20:02:43","modified_gmt":"2011-10-21T20:02:43","slug":"mision-y-vision","status":"publish","type":"page","link":"http:\/\/www.fundacoromoto.org\/?page_id=28","title":{"rendered":"Club de F\u00fatbol Los Olivos &#8211; Misi\u00f3n y Visi\u00f3n"},"content":{"rendered":"[audio:http:\/\/fundacoromoto.org\/wp-content\/uploads\/audio\/himno_de_los_olivos.mp3|autostart=yes]\n<h2>NUESTRA MISI\u00d3N<\/h2>\n<p>La Misi\u00f3n de nuestra Asociaci\u00f3n es de propender el desarrollo de la actividad docente futbol\u00edstica, en la capacitaci\u00f3n t\u00e9cnica a j\u00f3venes quienes pudiesen representar nuestro club en eventos profesionales futbol\u00edsticos a nivel nacional e internacional.<\/p>\n<h2>NUESTRA VISI\u00d3N<\/h2>\n<p>Dotar de una amplia capacidad f\u00edsica y t\u00e9cnica a los j\u00f3venes, as\u00ed como de dotes de obediencia docilidad, convivencia humana y deportiva.<\/p>\n<p style=\"text-align: center;\"><a class=\"thickbox\" href=\"http:\/\/www.fundacoromoto.org\/wp-content\/gallery\/club_de_futbol_los_olivos\/img_2557.jpg\"><img loading=\"lazy\" style=\"vertical-align: middle; border: 0;\" src=\"http:\/\/www.fundacoromoto.org\/wp-content\/gallery\/club_de_futbol_los_olivos\/img_2557.jpg\" alt=\"img_2557.jpg\" width=\"640\" height=\"480\" \/><\/a><\/p>\n<p style=\"text-align: center;\"><a class=\"thickbox\" href=\"http:\/\/www.fundacoromoto.org\/wp-content\/gallery\/club_de_futbol_los_olivos\/img_2666.jpg\"><img loading=\"lazy\" style=\"vertical-align: middle; border: 0pt none;\" src=\"http:\/\/www.fundacoromoto.org\/wp-content\/gallery\/club_de_futbol_los_olivos\/img_2666.jpg\" alt=\"img_2666.jpg\" width=\"640\" height=\"480\" \/><\/a><\/p>\n<p style=\"text-align: center;\"><a class=\"thickbox\" href=\"http:\/\/www.fundacoromoto.org\/wp-content\/gallery\/club_de_futbol_los_olivos\/img_2631.jpg\"><img loading=\"lazy\" style=\"vertical-align: middle; border: 0;\" src=\"http:\/\/www.fundacoromoto.org\/wp-content\/gallery\/club_de_futbol_los_olivos\/img_2631.jpg\" alt=\"img_2631.jpg\" width=\"640\" height=\"480\" \/><\/a><\/p>\n","protected":false},"excerpt":{"rendered":"<p>[audio:http:\/\/fundacoromoto.org\/wp-content\/uploads\/audio\/himno_de_los_olivos.mp3|autostart=yes] NUESTRA MISI\u00d3N La Misi\u00f3n de nuestra Asociaci\u00f3n es de propender el desarrollo de la actividad docente futbol\u00edstica, en la capacitaci\u00f3n t\u00e9cnica a j\u00f3venes quienes pudiesen representar nuestro club en eventos profesionales futbol\u00edsticos a nivel nacional e internacional. NUESTRA VISI\u00d3N Dotar de una amplia capacidad f\u00edsica y t\u00e9cnica a los j\u00f3venes, as\u00ed como de dotes [&hellip;]<\/p>\n","protected":false},"author":1,"featured_media":0,"parent":25,"menu_order":2,"comment_status":"open","ping_status":"open","template":"","meta":[],"_links":{"self":[{"href":"http:\/\/www.fundacoromoto.org\/index.php?rest_route=\/wp\/v2\/pages\/28"}],"collection":[{"href":"http:\/\/www.fundacoromoto.org\/index.php?rest_route=\/wp\/v2\/pages"}],"about":[{"href":"http:\/\/www.fundacoromoto.org\/index.php?rest_route=\/wp\/v2\/types\/page"}],"author":[{"embeddable":true,"href":"http:\/\/www.fundacoromoto.org\/index.php?rest_route=\/wp\/v2\/users\/1"}],"replies":[{"embeddable":true,"href":"http:\/\/www.fundacoromoto.org\/index.php?rest_route=%2Fwp%2Fv2%2Fcomments&post=28"}],"version-history":[{"count":0,"href":"http:\/\/www.fundacoromoto.org\/index.php?rest_route=\/wp\/v2\/pages\/28\/revisions"}],"up":[{"embeddable":true,"href":"http:\/\/www.fundacoromoto.org\/index.php?rest_route=\/wp\/v2\/pages\/25"}],"wp:attachment":[{"href":"http:\/\/www.fundacoromoto.org\/index.php?rest_route=%2Fwp%2Fv2%2Fmedia&parent=28"}],"curies":[{"name":"wp","href":"https:\/\/api.w.org\/{rel}","templated":true}]}}